-49*w + 696. Suppose 0 = 4*z + 4*g - 56, -5*g = 2*z - 0*z - 16. What is the remainder when w is divided by z?
10
Let b = -162477 - -162626. What is the remainder when b is divided by 1/(-2) + (-202)/(-4)?
49
Suppose -27*o - 837 = -58*o. Suppose -14*b = -11*b - 1128. What is the remainder when b is divided by o?
25
Suppose -r + i = -25, -4*i = -r + 20 + 20. Calculate the remainder when 104 is divided by r.
4
What is the remainder when (-2 - -2) + (-7 - -36981)/14 is divided by 376?
9
Suppose -62*z + 5780 = 509*z - 4418 - 2364. Suppose x - 9 = 4*x. Calculate the remainder when x + 1 - 220/(-2) is divided by z.
20
Suppose -c + 1264 = 4*s, -38*c = -41*c + 5*s + 3809. Calculate the remainder when c is divided by 31.
28
Suppose 0 = 6*b - 3*b + 2*q - 26, 3*q + 6 = 0. Suppose 0 = 2*v - 4*v - b. Let l(o) = 3*o**2 + 3*o + 12. Calculate the remainder when l(v) is divided by 26.
20
Suppose -4*c + 3*z = z - 108, -2*z - 135 = -5*c. Suppose -8*m - 9 + 33 = 0. Suppose 10 = -m*j + 43. Calculate the remainder when c is divided by j.
5
Suppose 81*g - 29851 = 16967. Calculate the remainder when g is divided by 29.
27
Let m = -1573 - -1589. Calculate the remainder when 429 is divided by m.
13
Suppose 10802 = 3058*n - 3036*n. Calculate the remainder when n is divided by 182.
127
Let a(k) = 3*k - 6. Let g be a(-2). Suppose 4*h - 2*s - 182 = -h, 3*h + 5*s - 134 = 0. Let f = h + g. Calculate the remainder when 77 is divided by f.
25
Suppose -5*q + 505 = 5*s, -3*s = -q - 4*q + 529. Let g = q + -110. What is the remainder when 25 is divided by (-88)/g - (-10)/(-15)?
11
Suppose 0 = -5*b - u - 1376 + 6949, 4436 = 4*b - 2*u. Calculate the remainder when b is divided by 38.
11
Suppose -u + 133 = -5*a, -38*u + 210 = -36*u - 2*a. What is the remainder when 3135 is divided by u?
97
What is the remainder when 299 is divided by (-7758)/(-90) - 10 - 3/15?
71
Let s = 988 - -19. Calculate the remainder when s is divided by 21.
20
Suppose 5*r - z - 342 = 0, -2*z + 417 = -2*r + 557. Calculate the remainder when 209 is divided by r.
5
Let m(o) = 110*o - 2. Calculate the remainder when m(1) is divided by (-66)/9*189/(-42).
9
Let o(b) = b**2 - b + 2. Let t(u) = 3*u**2 - 13*u - 27. Let d(l) = 4*o(l) - t(l). Calculate the remainder when 118 is divided by d(-6).
16
Let m(g) = g**3 - 4*g**2 - g + 5. Let k be m(4). Suppose 3*v + k = 22. Calculate the remainder when 74 is divided by v.
4
Let v(q) = -9*q - 29. What is the remainder when 1606 is divided by v(-16)?
111
Suppose 14*q + 1418 - 1810 = 0. Calculate the remainder when 519 is divided by q.
15
Let q(b) = 2*b**2 + 2*b - 15. Let m(p) = p**2 + 9*p + 12. Let l be m(-8). Let j be q(l). Let f = -16 + j. Calculate the remainder when 79 is divided by f.
7
Let a = 12538 + -12525. Suppose 0 = -2*u + 168 - 66. Calculate the remainder when u is divided by a.
12
Suppose -3 = -6*b + 45. Suppose 0 = 3*d - b + 2. Suppose 71 = 5*c + d*a, 3*c = 2*a + 3*a + 24. What is the remainder when 49 is divided by c?
10
Let y(x) = x**2 - 8*x + 87. Calculate the remainder when 461 is divided by y(-5).
5
Suppose 1815 = -13*l + 7119. Let c = l - 362. Calculate the remainder when 52 is divided by c.
6
Suppose -727 = 5*s - 3127. What is the remainder when s is divided by 105?
60
Let n = -1588 - -2109. What is the remainder when n is divided by 103?
6
Let l = 6 - 2. Suppose 154 - 102 = 2*b + 4*x, 2*x = b - 18. What is the remainder when b is divided by l?
2
Calculate the remainder when -10 - ((-12)/(-12) + -416) is divided by 56.
13
Let o be 56/(12/4 - 2). Let f be ((-60)/14)/((-12)/o). Suppose f + 58 = j. Calculate the remainder when j is divided by 41.
37
Let o = 89 + -54. Let c = o - 31. Suppose -c*l + 222 = -l. What is the remainder when l is divided by 25?
24
Let f be (-6)/15 - (576/(-15) - -4). Suppose -5*a - f = -5*d - 119, 3*a + 3*d = 33. What is the remainder when (1 - 6)*-11 + 0 is divided by a?
13
Let m = -926 + 1764. Suppose -154 + m = 19*x. Calculate the remainder when 141 is divided by x.
33
Let u(w) be the first derivative of 5*w**2/2 + 22*w + 22. What is the remainder when u(11) is divided by 21?
14
Let z(g) = 2*g**2 - 20. Suppose -5*u - 11*u - 96 = 0. Calculate the remainder when 63 is divided by z(u).
11
Let o(q) = q**3 + 4*q**2 - 2*q + 1. Let p be o(-4). Let x(t) = -9*t**2 + 6*t + 5. Let n be x(-1). Let v = p - n. What is the remainder when 35 is divided by v?
16
Suppose 271*j = 238*j + 385341. What is the remainder when j is divided by 80?
77
Suppose 13*f - 13952 - 468 = -f. Calculate the remainder when f is divided by 94.
90
Let s = -17443 - -17683. What is the remainder when s is divided by 19?
12
Suppose 0 = -19*s + 22*s + 2*p - 45, -5*s + 80 = 5*p. What is the remainder when 220 is divided by s?
12
Let x be (52/(-8))/((-2)/24). Calculate the remainder when 52 is divided by (15/(-4))/(x/(-416)).
12
Suppose 3*v - f = -3*f + 2044, 4*v - 2724 = -3*f. Suppose 0*z + 9*z = v. What is the remainder when z is divided by ((-3)/(-6))/((-1)/(-78))?
37
Let f = -2895 + 6714. Calculate the remainder when f is divided by 26.
23
Let c be (-8)/(-10) - (592/(-10) + -3). Suppose 3*t - c = 2*p, 3*t - 4*p - 16 - 41 = 0. What is the remainder when 342 is divided by t?
20
Calculate the remainder when (-1)/2*(-1291 + -11 - 20) is divided by 215.
16
Let i(g) = g**2 - 3*g + 4. Let m be i(3). Suppose -m*h + 398 = -106. Let x(q) = q + 40. What is the remainder when h is divided by x(-8)?
30
Suppose 5*d - 472 = -22*g + 20*g, 0 = 5*g - 30. Let b = -11 + 23. Suppose 0 = b*z - 16*z + d. What is the remainder when z is divided by 3?
2
Let i = 67 + -67. Suppose 2*p - 10*p - 1744 = i. Let h = p - -392. Calculate the remainder when h is divided by 22.
20
Let d = 61 + -24. Let r(j) be the second derivative of j**4/12 - 23*j**3/6 + 18*j**2 - 11*j. What is the remainder when d is divided by r(22)?
9
Suppose -3*v + 2 = -5*v, 5*v - 77 = -a. Suppose -38 = -4*p + a. Calculate the remainder when 863/6 + 0 + (-453)/(-2718) is divided by p.
24
Let k(p) = p**3 - 27*p**2 + 1. Let r be k(27). Calculate the remainder when 34 is divided by (40/140)/(2/84*r).
10
Let k(n) = 2*n + 282. Let q(h) = -1. Let f(v) = k(v) - 12*q(v). Let b be f(0). Suppose -4*u - 94 + b = 0. Calculate the remainder when u is divided by 17.
16
Suppose -2*o + 11 + 13 = 0. What is the remainder when (-3)/o - ((-49365)/(-12))/(-15) is divided by 6?
4
Calculate the remainder when 278 is divided by (-1 - -31)/((-118)/78 - 945/(-567)).
83
Let a(b) = -83*b + 26. Suppose 429 - 1510 = -23*i. Calculate the remainder when a(-3) is divided by i.
40
Suppose -2*m - 3*x = -319 - 20, -172 = -m - 2*x. Calculate the remainder when m is divided by -986*60/(-2040) - (-8)/(-6)*18/6.
12
Let g(h) = -70*h - 430. What is the remainder when 713 + -1 - (-16 + 10) is divided by g(-7)?
58
Calculate the remainder when (-912)/(-2052) + (0 - (-15800)/9) is divided by 28.
20
Suppose 88*u = -5*v + 84*u + 119, 4*v - 4*u = 124. Calculate the remainder when 5316 is divided by v.
24
Suppose q + 12 = -2*q, -3*f - 2*q + 4 = 0. Suppose -2*j - 5 = -u, -2*j = -f*u + 4 + 16. Calculate the remainder when (-8)/(-20)*u*1 + 11 is divided by 4.
1
Suppose -4*q + 72 = 2*w, 25*w + 72 = 29*w - q. What is the remainder when 18657 is divided by w?
17
Let f = 11375 - 11354. Calculate the remainder when 1068 is divided by f.
18
Suppose 0 = 10*x - 15*x - 30. Suppose -4*h + 54 + 10 = 0. Calculate the remainder when 1 + (-282)/x - 2 is divided by h.
14
Let c be 8 - -5*42/(-35). Suppose c*s - 97 = -5*n, -5*s + 2*n - 11 + 181 = 0. What is the remainder when 133 is divided by s?
25
Suppose 0 = -2*y + 2, -o + 16*y = 21*y - 5940. What is the remainder when o is divided by 5?
0
Let j(i) = 1114*i - 217. What is the remainder when j(2) is divided by 20?
11
Let n(k) = -6*k + 42. What is the remainder when n(-10) is divided by (7 - (-23)/(-3))*(-42)/4?
4
Suppose 1563 = 46*r - 139. Calculate the remainder when 1064 is divided by r.
28
Let g(o) = 4*o**3 - 10*o**2 + 25*o - 6. What is the remainder when 861 is divided by g(3)?
78
Let q = -2 + 1. Let n(d) be the second derivative of 13*d**4/12 + d**3/6 - d**2 - 135*d + 1. What is the remainder when 17 is divided by n(q)?
7
Suppose -8*h = -36 - 164. Let k be (-3275 - -25)*8/(-10). Suppose 282 = -19*i + k. Calculate the remainder when i is divide